 z(2). Calculate the highest common factor of v and h.
2
Suppose -x = 4*i - 65, -5*i + 30 = -2*x - 48. What is the highest common factor of i and 112?
16
Let k be (0 - 0) + (-360)/(-5). Suppose -2*r = -7*r + 120. Suppose -s + 4 = s + 5*i, -3*i = -s + r. Calculate the highest common divisor of k and s.
12
Let k be (-1536)/(-14) - 86/(-301). What is the greatest common factor of k and 605?
55
Let t = 1052 - -3876. Calculate the greatest common factor of 154 and t.
154
Suppose 2*z = 8, -5*z - 4 = -2*n + n. Let k = -33 + 41. Let s(q) = 2*q**2 - 13*q + 12. Let v be s(k). Calculate the greatest common divisor of n and v.
12
Suppose 0 = -17*s + 14*s + 87. What is the greatest common divisor of s and 261?
29
Let f(m) = -m - 29. Let s be f(-34). What is the greatest common factor of s and 30?
5
Suppose 5*n - 46 = -3*f, 0*n + 5*n = f + 38. Suppose 0 = 3*u - n*u + 60. What is the highest common divisor of 96 and u?
12
Let z be (-4)/(8/(-34)) - (-9 - -3). Suppose -2*p + 7*p = 575. What is the greatest common factor of z and p?
23
Let w(d) = 39*d**3 + 1. Let m be w(1). Suppose 0*b + 2 = b. Suppose 4*h = 22 - b. What is the highest common factor of m and h?
5
Let w be 2 + (-4)/(-2) + -4. Let f be 4 + (1 - (w - -2)). Let q(u) = -u**2 - 25*u - 43. Let v be q(-23). Calculate the highest common divisor of v and f.
3
Suppose 48 + 52 = 10*d. Suppose 2*a + 2*a - 12 = -i, -3*a - 3*i = -18. What is the highest common factor of a and d?
2
Suppose 13*m = 9*m + 704. What is the highest common factor of m and 66?
22
Suppose -9*v + 171 = -459. Calculate the greatest common factor of v and 455.
35
Let u = -501 - -845. What is the greatest common factor of u and 40?
8
Let x(l) = 5*l**2 - 57*l - 10. Let v be x(20). Calculate the greatest common divisor of v and 2.
2
Let z(h) = -5*h + 5. Let w be z(-4). Let c be (-2)/(-5) - (-940)/w. What is the highest common divisor of 76 and c?
38
Let n be 11*5/(-20)*-36. Calculate the greatest common divisor of 45 and n.
9
Suppose -2*h = -3*h. Suppose j = 0, -6*p + 3*p - 5*j + 9 = h. Let r be (-10 + p)*54/(-7). What is the greatest common factor of r and 6?
6
Let y be (-1)/4 - 27/(-12). Suppose -5*l = y*q - 39, -3*l + 1 = 4*q - 42. What is the highest common divisor of q and 21?
7
Suppose 11*a = -36*a + 19082. Calculate the highest common factor of a and 56.
14
Suppose 7*z + 648 = 31*z. What is the greatest common divisor of z and 783?
27
Suppose -2 = -3*p + 10. Suppose -4*u - 4*h = -0*h - 36, 0 = p*u - h - 11. What is the highest common divisor of u and 12?
4
Let n be 1/((-15 - -13)/(-13*2)). Calculate the highest common divisor of 559 and n.
13
Suppose -33*n - n = -12240. What is the greatest common divisor of 18 and n?
18
Suppose -2*q - 9*q + 11 = 0. Let u be (-10)/(-3*2/3). What is the greatest common divisor of q and u?
1
Suppose -15*b + 1440 = -3*b. Calculate the greatest common divisor of b and 48.
24
Let y = 2 + -1. Let c(t) = 46*t - 311. Let h be c(7). What is the highest common divisor of y and h?
1
Let l(g) = -g**2 + 12*g + 17. Let q be l(13). Suppose -3*b + 74 + 8 = 4*m, -q*b - 4*m = -108. Calculate the highest common divisor of 78 and b.
26
Let m = 15 + -3. Suppose 0 = -8*r + 1085 + 427. Let y = r - 105. What is the greatest common factor of y and m?
12
Suppose 4*o = -0*b + 5*b - 32, -6 = -2*b + 5*o. Let x = 5354 + -5346. What is the highest common divisor of x and b?
8
Let m(s) = -4*s + 12. Let x be m(13). Let o be x/(-260) + (-700)/(-13). Suppose -5*p - o = -14*p. Calculate the greatest common factor of p and 2.
2
Suppose -3*f = 2*f - t - 153, -87 = -3*f - t. Suppose f = 2*n + 6. What is the greatest common divisor of n and 3?
3
Let c(r) = -r**2 + 9*r + 63. Let v be c(13). Calculate the greatest common factor of v and 187.
11
Suppose -24 = -6*p + 6. Suppose g + t - 34 = -2*g, -p*g + 62 = 3*t. What is the greatest common divisor of 20 and g?
10
Suppose -g - 10 = -2*g - d, -86 = -5*g + 4*d. What is the highest common divisor of 224 and g?
14
Let f be (-2)/6 - (-15)/((-360)/(-4088)). What is the highest common divisor of 51 and f?
17
Suppose 1 = -4*y + 3*i, -3*y = -8*y - 4*i - 40. Let m be -65*((-54)/(-15) + y). What is the greatest common divisor of m and 13?
13
Suppose 4*h + 5 - 13 = 0. Suppose 55 - 17 = h*t. What is the greatest common factor of t and 19?
19
Suppose -23*z - 2*p - 75 = -28*z, 0 = -2*p. Let o be (-1 - 4)*1*-27. What is the highest common factor of z and o?
15
Let n(l) = -13*l - 63. Let h be n(-14). What is the greatest common factor of 51 and h?
17
Let k = 3657 - -87. Suppose -s - k = -14*s. What is the highest common divisor of s and 36?
36
Let n(f) = -20*f + 1. Let g be n(-6). Let y = 50 - 50. Suppose y = 5*d - 19 - g. What is the greatest common factor of 14 and d?
14
Suppose -808 + 26 = -23*v. What is the highest common factor of 16 and v?
2
Let i be ((-334)/3)/((-2)/(-3)). Let z = -95 - i. Let n = 52 - 34. What is the greatest common divisor of n and z?
18
Let t = -85 + 119. Suppose -95*d = -25*d - 11900. What is the highest common factor of d and t?
34
Let a be (-14)/21 - (-17)/3. Suppose -a*m + 4*k = -160 - 92, -4*m = -3*k - 202. Let q = m + -32. Calculate the greatest common factor of q and 5.
5
Let h = 247 - 227. Let u(t) = -41*t**3 - t**2. Suppose p = 1 - 2. Let w be u(p). What is the highest common factor of h and w?
20
Suppose 5*n = -4*q + 55, 5*q + 6 + 27 = 3*n. What is the highest common divisor of 319 and n?
11
Let q(o) = o**2 + 25*o - 90. Let c be q(-30). What is the highest common factor of c and 48?
12
Let b(l) = l - 6. Suppose 24 = f + f. Let g be b(f). What is the highest common factor of 10 and g?
2
Let g(z) = -z + 5. Let k be g(6). Let t be k/(5/36)*5. Let f be (t/10)/((-3)/10). Calculate the greatest common factor of 24 and f.
12
Let b(o) = 3*o**2 - 2*o + 1. Let z be b(1). Let x(t) = t - 5 + 0*t + 6*t + 0*t**2 + t**z. Let q be x(-9). Calculate the greatest common divisor of 91 and q.
13
Let o(p) = p**2 - 4*p + 13. Let m be o(-5). Let g = m + -18. Calculate the highest common factor of 8 and g.
8
Let m(n) = -n**3 - 8*n**2 - 6*n + 16. Let r be m(-8). Suppose -240 = -5*v + g, 4*g - r = -v + g. What is the highest common divisor of 7 and v?
7
Let c = 407 - 396. Let r be (4*2)/((-4)/(-44)). Calculate the highest common factor of r and c.
11
Let a(y) = y + 31. Let z be a(-26). Calculate the highest common divisor of z and 8.
1
Let f be (3 + 72/(-20))/((-4)/(-20)). Let l = 29 - f. Calculate the highest common divisor of l and 4.
4
Suppose 6*h = 2*h + 28. Let b(z) = 8*z**2 + 10*z + z**2 - 2*z**2 - 5 - 30*z**3 + 29*z**3. Let j be b(h). Calculate the greatest common factor of 26 and j.
13
Let b(n) = -41*n - 319. Let c be b(-14). Calculate the greatest common factor of c and 45.
15
Let k be (-2002)/49*(3 + -10). Calculate the highest common divisor of 66 and k.
22
Let y be 4096/24 - 4/6. What is the greatest common factor of 30 and y?
10
Suppose 5*r + 4*m - 119 - 167 = 0, r + 2*m - 56 = 0. What is the greatest common divisor of r and 29?
29
Let t(r) = -r**2 + 87. Let s be t(9). What is the highest common factor of s and 118?
2
Suppose -5*y + 364 + 21 = 0. Calculate the highest common factor of 14 and y.
7
Let p be 24 + 14/21*6. What is the greatest common factor of 238 and p?
14
Suppose -i + 3*x = -116, -3*i + 108 = -5*x - 244. What is the greatest common factor of i and 68?
17
Suppose -4*y + 9 = k, y - 5*k - 30 = -4*y. Suppose 7*u - 6 = -20. Let a be (u/y)/((-6)/45). What is the highest common divisor of 25 and a?
5
Let w(d) = 55*d**2 + 9*d + 2. Let b be w(-2). What is the greatest common factor of 255 and b?
51
Let b(y) = y**2 + 6*y + 6. Let k be b(9). Suppose 2*v - 282 = 5*w, 0*w + k = v + 2*w. Let q = v - 101. What is the greatest common factor of 8 and q?
8
Let k(m) = m**3 + 17*m**2 + 46*m + 63. Let l be k(-14). Let d = 59 + -24. Calculate the highest common factor of l and d.
7
Let o be 61 - (0 - 5/(-10)*10). Calculate the highest common divisor of o and 16.
8
Suppose 0 = 3*x - 5*s - 61, -2*s = -0*s + 10. Suppose -2*w - 10 = n + 13, -5*n - 55 = 5*w. Let c = x - w. What is the greatest common divisor of c and 36?
12
Suppose o = s + 2, 4*o - 3*s + 10 = 5*o. Let p be 17*(1*88 - -2). Suppose -w + p = o*w. What is the highest common divisor of 34 and w?
34
Let x = 1 + 1. Suppose -6*y = -x*y